pose -d - 57 = 5*q - 0, 4*d = 2*q - 118. Is (-8)/d + (-1670)/(-8) prime?
False
Let i(g) = -184*g. Let p be i(-2). Let j = 787 - p. Is j prime?
True
Let a(m) = m**3 - 7*m**2 - 6*m - 1. Is a(8) a composite number?
True
Let z(b) = -b**3 + 3*b**2 - 2*b - 1. Let d be z(2). Let q = d - -5. Suppose -3*x + 3*n = -0*n - 87, -3*x + q*n + 91 = 0. Is x a prime number?
False
Is (-13682)/(-14) - (3 + (-38)/14) prime?
True
Let b(j) = -9 + 11 - 9*j - 48*j. Is b(-5) composite?
True
Let m = 1199 + -646. Is m a prime number?
False
Let o = 99 - 46. Suppose 7*t - 2*t = 0. Suppose t = -5*q + 122 + o. Is q a prime number?
False
Let m = 25 + 1101. Is m a prime number?
False
Let c = -464 - -2641. Suppose -3*q = 4*n - 5588, -5*n - 5*q = -4808 - c. Suppose 552 = -5*f + n. Is f prime?
False
Is 9700/13 - 14/91*1 composite?
True
Suppose 3*r = -f - 3*f + 1903, -2*r = -f - 1265. Is r a composite number?
True
Suppose -53 = h - 7. Let u = h + 105. Is u a composite number?
False
Suppose 5*k + 76 = -f, -2*k - 2*f = -f + 28. Let b = k + 381. Is b prime?
False
Let j(w) = w**2 + 3*w - 7. Let o be j(-5). Let y be (o + -9)*(-2)/(-4). Is y/6*-1*38 a composite number?
False
Let m be 129/9 - 6/(-9). Suppose -2*z = -15 - m. Is z a composite number?
True
Let g = 9 - -1. Suppose 0 = -2*r + 68 - 18. Suppose -g = -h + r. Is h a composite number?
True
Let f = 9624 + -5335. Is f a composite number?
False
Let n = 7 + -4. Let j(t) = -t - 1. Let p(i) = -5*i. Let v(b) = 2*j(b) - p(b). Is v(n) a composite number?
False
Let h be (8 - 11) + 6/1. Is ((-11)/h)/((-5)/105) a prime number?
False
Let w(m) = 2*m - 5 + 0*m**2 + 3*m**2 - 2*m**2. Let s be w(-7). Let k = -7 + s. Is k composite?
False
Suppose 0 = 2*i - 0*i - 238. Suppose 2*s + i = q + s, 2*q + 4*s = 214. Is q a composite number?
True
Suppose -u + 3 = -4. Is 6/21 + 236/u composite?
True
Let t(m) = 68*m**2 + 6*m - 1. Is t(-2) a prime number?
False
Let f(q) = -q**2 + 23*q + 7. Let w(l) = -3*l**2 + 69*l + 21. Let b(t) = 7*f(t) - 2*w(t). Is b(19) a prime number?
True
Suppose 3*v = 7 + 2. Suppose u = -v*u + 12. Suppose -243 = -5*w + 2*r, -u*w + 3*r + 129 = 6*r. Is w a prime number?
True
Let x be -1520 + (1 + -3 - -1). Let u = -1034 - x. Is u composite?
False
Suppose -2*l + 3*p = -5*l + 6, -p + 2 = 0. Let u(n) = -n**3 - n**2 - n - 4. Let w be u(l). Let f = w + 73. Is f a prime number?
False
Suppose 0 = -5*m + 2472 + 4258. Suppose m = 3*a + 263. Let l = -150 + a. Is l a composite number?
False
Suppose -2*n = m - 4, 0 = 2*m + 3*m. Suppose -2*b = 3*b - 5*g + 595, n = 2*g. Let s = b - -187. Is s composite?
True
Let a = -362 + 5193. Is a a prime number?
True
Let u(q) = -q**3 + 6*q**2 + 9*q - 9. Let a be u(7). Suppose -a*y = -104 - 51. Is y a prime number?
True
Let b = 104 + -17. Is b a prime number?
False
Suppose 3*b + 55 = 8*b. Let u(s) be the second derivative of s**4/4 - 7*s**3/3 + s**2 + 6*s. Is u(b) composite?
False
Suppose 5*d = -2*w + 2, 4*d + 0 - 3 = -3*w. Suppose d = -g + 4*g - 399. Is g a prime number?
False
Suppose -6*p + 1136 = -2*p. Suppose g = -3*c + 98, -c = -3*g - 0*c + p. Suppose g = 4*o - 125. Is o a prime number?
False
Suppose -4*u + 3*m + 941 = 0, -7*u + 5*m + 947 = -3*u. Is u prime?
True
Let y(t) = -3*t - 2*t**3 + 0*t**2 - 6*t**2 + 4 + t**2. Let h be y(-3). Suppose d = 3*d - h. Is d prime?
True
Let c = 2 + 0. Suppose 5*y = f + 10, f - 13 = c*y + 4*f. Is y/((-24)/26 + 1) prime?
True
Let t(f) = 22*f - 5. Let x be 3/(-7) + (-104)/(-14). Is t(x) composite?
False
Let b(j) = j**3 - j + 133. Suppose -10*r = -9*r. Is b(r) a prime number?
False
Suppose 4*o - 463 = 405. Is o a prime number?
False
Let i = 640 - -37. Is i a prime number?
True
Suppose -a + 2 = -2*j + 13, 3*a + 9 = 0. Let g = 207 + -99. Suppose -j*h = -16 - g. Is h a composite number?
False
Let b(j) = j**3 - 9*j**2 - 4*j + 1. Is b(11) a prime number?
True
Suppose 0 = 3*s + 5*j - 15 - 496, -839 = -5*s - 2*j. Is s prime?
True
Let x(l) = -l**3 - l**2 - 3*l - 4. Is x(-5) composite?
True
Let c = 282 + -163. Is c prime?
False
Let r(q) = -175*q - 1. Is r(-6) composite?
False
Suppose -5*d + 23763 = 4*y, 11*y - 10 = 6*y. Is d composite?
False
Suppose 5*g = 2*g + 573. Is g prime?
True
Let i(m) = 3*m**2 + 16*m - 4. Is i(17) a prime number?
False
Suppose -604 = -2*w - 2*b, -3*w - b + 0*b + 904 = 0. Is w a prime number?
False
Suppose 2*t + 121 = -p, 6*p - 2*t = 5*p - 121. Is 3/(3/p)*-1 composite?
True
Let o(z) = -z - 2. Let t be o(-5). Suppose -b + 18 = t*a, -3*a + 2*b - 4*b + 18 = 0. Is (-5 - 0)/(a/(-18)) prime?
False
Let m(h) = 57*h - 8. Is m(2) composite?
True
Let p(i) be the third derivative of -i**2 + 0*i + 0 + 1/6*i**3 - 10/3*i**4. Is p(-2) a prime number?
False
Let h = 11 - 7. Suppose -5*u + 5*p - h*p = -748, -4*p = 12. Is u a composite number?
False
Let y be 215/(-5) - (0 + -3). Let x = 125 + y. Is x composite?
True
Suppose -409 - 266 = -5*b. Let j = -89 + b. Is j a prime number?
False
Let k(i) = -11*i**2 + 30*i - 4. Let d(b) = -4*b**2 + 10*b - 1. Let r(q) = -8*d(q) + 3*k(q). Is r(5) prime?
False
Suppose 3*w = 3*z - 429, 3*w = -z - 442 + 33. Is (-2 + 3)*w/(-2) prime?
False
Let h(p) = -2*p - 1. Let b be h(-2). Let l be (0 + 2 - 1)*b. Suppose -3*f - l*y - 2*y = -371, 0 = -4*f + 5*y + 518. Is f prime?
True
Is (-5)/2*63172/(-170) a composite number?
False
Suppose g + 14 - 153 = -3*z, 2*z + 246 = 2*g. Is g a prime number?
True
Let z(u) = 2*u + 1. Let h be z(6). Let f = -5 + 7. Suppose 32 = j - f*a + h, 2*j - 5*a - 38 = 0. Is j composite?
False
Let n = -1380 + 2422. Is n prime?
False
Let f(l) = -l**2 + 3*l + 3. Let z be f(5). Let u = -1 + 15. Let a = z + u. Is a a composite number?
False
Suppose 3*l - 2*l - 121 = 0. Is l prime?
False
Let o be ((-10)/(-6))/(3/9). Suppose o*c + 4*w - 95 = 0, 6*c - 57 = 3*c - 5*w. Is c a composite number?
False
Let c be (-8)/(-10)*(-530)/(-4). Suppose 0 = -3*v + 14 + c. Let n = v + 7. Is n a prime number?
True
Suppose 3*t + 3 = 0, 5*c + 35 = -4*t + 11. Let k be (-2)/8 - 9/c. Suppose 5*x - 573 = k*x. Is x composite?
False
Let i(t) = 3*t + 2. Let a be i(-4). Let z be (-186)/a + (-8)/(-20). Suppose 0*s + z = s. Is s a prime number?
True
Let x = 166 - -229. Is x prime?
False
Let v(x) = 298*x**2 + 3*x - 2. Is v(1) composite?
True
Let c = -20 + 40. Suppose -2*b - 2*b + c = 0. Suppose -5*u + 90 = 5*r, -4*u + b*r = -3*u + 6. Is u prime?
False
Let q be -8*((-1)/(-2))/1. Let g = 8 - 6. Let j = g - q. Is j a composite number?
True
Let n(d) = 473*d**2 - d + 1. Is n(1) composite?
True
Is (-5050)/(-15) + 1/(5 + -2) prime?
True
Let x = -8 - -46. Is x prime?
False
Let h = 5 + -1. Let w(j) = -j**3 + 5*j**2 - 2*j. Let s be w(h). Let i = s + 6. Is i a prime number?
False
Suppose -n - 11 = -2*h, 3*n + 2*h - 4 = -13. Let f(z) = 23*z**2 - 4*z - 8. Is f(n) a prime number?
True
Let f = 74 + 255. Is f prime?
False
Suppose 0 = -10*s - 1740 + 7150. Is s a composite number?
False
Suppose 2*p + 2*p + 216 = 0. Let m = 116 + p. Is m composite?
True
Let r = 0 + 2. Suppose r*b = 10 + 144. Is b prime?
False
Let t = 3 - -1. Suppose -t*n + 7 + 13 = 0. Suppose j + 174 = n*p, -4*j - 21 - 97 = -3*p. Is p composite?
True
Suppose 5*p = -880 + 2535. Is p a composite number?
False
Suppose 4*r = -4, -x + r + 266 = -3*r. Is x prime?
False
Let h = -445 + 782. Is h composite?
False
Let b(y) = 2*y - 63. Let w be b(0). Let l = w + 140. Is l a composite number?
True
Let f(d) = 1338*d**3 + d - 2. Is f(1) prime?
False
Suppose 34 = -4*f + 10. Let d(r) = r - 1. Let t(g) = 6*g - 4. Let j(s) = 22*d(s) - 4*t(s). Is j(f) a composite number?
True
Suppose -5 = k, 5*r = -2*k - 0 + 110. Is r/(-40) - 2916/(-10) composite?
True
Let i(q) = -q**2 + 11*q - 3. Let r be i(7). Is ((-6)/(-3))/(2/r) prime?
False
Suppose -2*k = -1298 - 3428. Is k a prime number?
False
Let j = 10 - 7. Suppose -5*b - j*x + x = -906, 4*b - 3*x = 734. Suppose 0 = 3*q - 5*k - b, 34 = 4*q - 5*k - 207. Is q a composite number?
False
Let b(s) = -2*s - 4. Let t be b(4). Is (8/t)/(2/(-447)) composite?
False
Let s = -6 - -39. Let t(w) = 2*w**2 + 7*w + 5. Let b be t(-5). Let k = s - b. Is k a prime number?
True
Suppose 0 = -4*t + 3*t - 7. Is 35/t*-73*1 composite?
True
Is ((-766)/8)/((-11)/132) + -4 a prime number?
False
Let f = 159 + 58. Is f a composite number?
True
Let i(c) = 45*c - 2. Let h be i(6). Let a(k) = -k**3 - 2*k**2 - 3*k - 1. Let r be a(-2). Supp